 3 + -1.
4
Evaluate -1 + 0 + (0 + -1 - 0).
-2
-3 + (6 - 0) + 2
5
-8 + 3 + (-9 - -4) - -5
-5
What is the value of -100 + 101 - (-1 + 7 - 1)?
-4
Calculate (1 - 1) + (-1 - -4) - -1.
4
What is the value of 11 - (3 - -7) - -2?
3
(-1 - -13) + -64 + 56
4
4 + -10 + 2 + -1
-5
What is the value of 26 - 21 - (17 + -2)?
-10
What is the value of (6 - (-5 - 1 - -10)) + -4?
-2
(89 - 80) + (-6 - -1)
4
(0 - 14) + 8 + 8
2
Calculate -1 + 5 + (-1 - (14 + -8)).
-3
Calculate -22 - -17 - (3 - 3).
-5
What is the value of (128 - 132) + -1 + (5 - 1)?
-1
What is 4 + (6 - 1 - (3 + 1))?
5
What is (4 - (-1 - -3)) + 1?
3
Evaluate -6 + (7 - 3) + 6.
4
What is -11 - (-10 - (-13 - -21))?
7
What is the value of -2 + 11 + (-14 - -7)?
2
What is 2 + -1 + -1 - (-26 + 19)?
7
1 + 2 + -9 + 2 - -1
-3
0 - -6 - (-6 - (-7 + -5))
0
What is (1 - 8) + 190 + -187?
-4
What is -31 + 6 - -12 - -11?
-2
Calculate -34 + 31 - (5 + -1) - -5.
-2
Calculate (-3 - 3) + (-2 + -2 - -15).
5
Calculate (-1 - -2 - 3 - 1) + 7.
4
What is -5 - -1 - (2 + -1)?
-5
(-4 - -2) + (-3 - (4 + -5))
-4
What is 2 + (-8 - -8) + 12 + -7?
7
Calculate -22 + 17 + (-2 - -6).
-1
Evaluate -31 + 28 + (2 - 2).
-3
Evaluate (-2 - (-5 - 1)) + -3 + -2.
-1
What is -7 - -2 - (-5 - -2)?
-2
-3 + 0 + (-12 - -11)
-4
What is -1 - 0 - (-1 - (-6 - -3))?
-3
What is (5 + 21 - 9) + -11?
6
Evaluate 11 - (18 - 9) - -1.
3
Evaluate (1 - -3 - 5) + 2.
1
What is (-1 - 1) + 9 + -2?
5
What is 1 - (-6 - (-6 + (6 - 4)))?
3
Calculate (21 - 8) + 5 - 11.
7
3 - (-7 + 6 - (-4 - -1))
1
4 - ((11 - 4) + -1 + -3)
1
What is the value of -6 - ((-4 - -2 - 3) + 6)?
-7
(7 - 1) + 20 + -22
4
What is 1 - -3 - (0 + 0)?
4
What is -9 + 0 + 7 + -1?
-3
11 - 10 - (-6 + 4 + -1)
4
-3 + -6 + (18 - 7 - 11)
-9
4 + -8 - (7 - 12)
1
What is the value of 7 - (-3 - (-2 + -3 - -2))?
7
What is the value of -12 + 8 - (-6 + -1) - 5?
-2
What is the value of 5 - 0 - (49 + -40)?
-4
Calculate 0 + (6 + -15 + 7 - 2).
-4
What is the value of 3 + (1 - 1) + (-263 - -263)?
3
Evaluate -1 + 0 + -14 + 16.
1
What is 5 - 10 - -5 - -4?
4
Calculate 8 - (-1 - (6 + -5 + -6)).
4
Evaluate 0 + -5 + 5 + (-1 - -2).
1
What is 7 - 7 - (-5 + 2)?
3
(9 - (-24 + 25)) + -2 + -1
5
-1 + 6 + (-65 - -61)
1
Calculate -1 + 3 + -2 - 0.
0
(-1 - -4 - 2) + -5 + -4
-8
Evaluate (3 - (4 + -3 - 2)) + -1.
3
What is the value of -8 + (4 - -2) - (1 - 4)?
1
Evaluate (0 - (1 - -5)) + (6 - 4).
-4
What is the value of 4 + 2 - 3 - 4?
-1
Calculate -2 + -4 + -1 - -11.
4
Calculate -2 - (1 + 1 + 1).
-5
What is the value of 0 + 0 + (6 - 4)?
2
Evaluate (7 - 4) + 1 + -3.
1
5 - (-4 - (-9 + 5))
5
What is (1 + 0 - -1) + -114 + 118?
6
What is 2 - 1 - (-1 - (-13 + 13))?
2
What is (8 - 3) + 3 + -3 + 0?
5
Evaluate (-2 - (-5 + 1) - 1) + -4.
-3
Calculate (4 - 2) + (0 - -5).
7
Calculate 0 + (0 + 4 - 10 - -5).
-1
What is 20 + -23 + 16 + -2?
11
3 + -2 + (8 - 8)
1
(0 - -4) + -21 + (31 - 16)
-2
What is the value of (2 - 2) + 0 + -1 - 3?
-4
What is 3 - -1 - (7 + 2)?
-5
6 + (55 + -50 - (10 + 1))
0
Calculate -3 + (-4 - -4) - -7.
4
Calculate -4 + 1 + (3 - 2).
-2
What is the value of -59 - -65 - (0 - -10)?
-4
-3 + (-2 - (-7 + 5 + -1))
-2
What is -5 - 4 - (-1 + 1 - 3)?
-6
Calculate 13 + -24 + 8 - (0 + -1).
-2
Calculate -3 + (-11 + 5 - -6) + 2.
-1
Evaluate 12 + -4 + 0 - (7 + 0).
1
-1 + 0 + -1 + 0 - 2
-4
What is the value of (-1 - (2 + -4)) + (9 - 16)?
-6
Evaluate -3 + (-13 - (14 - 29)).
-1
-11 - (-7 + -3) - 1
-2
What is the value of 2 + -3 + (5 - 1)?
3
4 + -6 + 4 + 1
3
What is the value of -15 - (-2 + 2 + -10)?
-5
-8 - (-9 + 8 - -2)
-9
What is the value of -6 + 16 + -16 + 8 + -12?
-10
Calculate (0 - -6) + -7 - 6.
-7
1 + (-1 - (-2 + 3))
-1
Calculate 7 + 3 + -4 + 12 + -21.
-3
Evaluate (0 - -1 - 0) + 2 + -1.
2
Evaluate (8 - -2) + (4 + 4 - 14).
4
Evaluate 0 + 1 + 3 + -5.
-1
Calculate (0 - 4 - -3) + -1.
-2
Evaluate (4 - 1) + -8 + -14 + 17.
-2
Evaluate -1 + (6 - 6) - -3.
2
What is 33 + -37 + (9 - 1)?
4
Evaluate 7 + (0 - 1) + -2.
4
(0 + -1 - -3 - 0) + -4
-2
Calculate 3 + -4 + -15 + 21.
5
What is -6 + (11 - 12) + 5?
-2
What is 9 + -5 - 12 - -10?
2
2 + 2 - (-7 - -14)
-3
What is the value of -3 + (-6 - (-4 - 7)) + 3?
5
What is the value of 5 + -2 + (1 - 2 - 3)?
-1
What is the value of -1 + (16 - (4 + 2 - -1))?
8
Evaluate (0 - 6) + -3 + (-2 - -7).
-4
Evaluate (2 + 3 - 2) + (3 - 4).
2
What is (-9 - (-3 + 4 - 2)) + 3?
-5
What is the value of 3 + 0 - 13 - (2 + -8)?
-4
5 - 11 - (-2 + (-1 - 0))
-3
Evaluate (-27 + 52 - 38) + 4 + -1.
-10
Calculate 0 - (7 - (1 + -5)).
-11
What is 9 + -3 + -2 + (2 - 0)?
6
(5 - (28 + -6)) + 13
-4
-3 + (0 - (4 + -9)) + -3
-1
(0 - -11) + (-34 - -29)
6
Calculate -1 + (-3 - (-1 + -4)).
1
Calculate 6 - 2 - 8 - 0.
-4
(1 - -4) + (9 + -12 - -4)
6
What is the value of -25 + 25 - (-4 - 0 - 3)?
7
What is (3 - (4 - 1)) + -7 + 4?
-3
1 + 10 + 6 + -12
5
What is the value of -6 + 6 - (2 + -3 + 3)?
-2
Evaluate 0 - (22 - 19 - (3 + 1)).
1
What is the value of 0 + 2 - (6 - 2)?
-2
0 + -11 - (64 - 69)
-6
Evaluate (4 - (2 + -6)) + 4 - 6.
6
What is 5 + (-7 - (-5 + (5 - 1)))?
-1
Calculate 2 + -3 - -9 - 6.
2
Evaluate 5 + -3 - 1 - 0.
1
What is the value of (-2 - -4) + -2 + -1 + 0?
-1
-3 + 5 + -3 + 1
0
What is the value of -3 + (3 - 0) + -2?
-2
What is the value of 0 + -2 + (3 - 0)?
1
(-25 - (-5 + -4)) + 14
-2
What is the value of 5 + (-4 + -8 - -5)?
-2
Evaluate 0 + 1 + 12 + -11 + 4.
6
Calculate 3 + 0 - (-1 + -4 + 7).
1
0 + -2 + 5 + 6 + -10
-1
Evaluate (2 - 7) + 2 - -6.
3
Calculate -1 + (-1 - (-5 + 3)).
0
What is the value of 4 + -1 + (-5 - -1) - -4?
3
Calculate 7 + -2 - 2 - (-2 + 9).
-4
(-2 - (-3 - (-14 + 7))) + -1
-7
0 - (-8 + (11 - 6))
3
(1 - 0) + -4 - -3 - -5
5
What is -6 + 1 - (0 - (-22 + 33))?
6
-3 - -4 - (4 - 3)
0
3 + (6 + -2 - (8 + -5))
4
What is the value of 12 + -6 + -10 + 11?
7
What is -27 - -25 - (0 - -3)?
-5
What is the value of 3 + (12 - (14 - -7))?
-6
-24 + 11 + 14 - -3
4
What is the value of 0 - ((-2 - -1) + -3 + -1)?
5
Evaluate -2 - -2 - ((4 - 2) + 1).
-3
Evaluate 14 + -9 - (1 + (1 - 2)).
5
Calculate 7 + 3 + -4 - (3 - -1).
2
What is the value of -2 - (-6 + 4 + 5)?
-5
Evaluate (2 - (1 + -7)) + -4.
4
(0 - -4 - 3) + 2 + 2
5
Calculate -1 - (6 + (11 - 12)).
-6
Evaluate -3 + (11 - (-6 + 11)).
3
-4 + 12 + -2 + 3 + -4
5
Evaluate -4 + (0 + -2 - -7).
1
Evaluate 4 + 0 - (14 - 7) - -10.
7
-6 - (-2 + 5 + -2 - 8)
1
Evaluate (-8 - 1 - (-2 + 1)) + 3.
-5
What is 0 + (-3 - (6 + -3))?
-6
Evaluate (1 - (-5 - -3) - -1) + -3.
1
What is the value of -4 + (5 - -4 - 5)?
0
Evaluate 6 + (9 - (-3 + 11)).
7
What is the value of 5 + 1 + -6 - 2?
-2
What is 5 + (0 + -5 - -8) + -6?
2
-1 + (-3 - (-5 - (5 - 3)))
3
12 - (15 + -10 - -15)
-8
4 + -10 + 0 + 2
-4
Calculate 0 + 4 + (-5 - 3).
-4
What is the value of -10 + 10 + -4 + 0?
-4
0 - (5 - 7 - (-2 - -5))
5
Calculate -6 - -3 - -2 - 1.
-2
0 - (-1 - (-4 - -4))
1
Calculate -11 + 10 - (2 + -1).
-2
What is 5 - (1 - -4) - (-2 + 4)?
-2
Evaluate -4 - -8 - (3 + -3 - 1).
5
Calculate (3 - 4) + (-2 - -2) + -3.
-4
What is the value of 12 + -5 + 1 + (-5 - -1)?
4
What is the value of (-4 - -2 - -1) + -2?
-3
Calculate (12 - 6) + -2 + -3.
1
-3 + 5 + -2 + -4 + 1
-3
Calculate (-3 - 0 - -15) + (1 - 6).
7
1 - ((1 - (-5 + 3)) + -7)
5
What is 10 + 1 - (8 - 2)?
5
What is 2 - (-3 + 8 + (-5 - -3))?
-1
What is the value of (2 + -4 - -4) + -2 + 3?
3
-4 + 5 + (-3 - 1)
-3
What is (10 - (-4 + 9)) + -6?
-1
What is the value of 0 + 0 - ((-1 - -11) + -6)?
-4
What is (1 - (2 - (-2 + 5))) + -6?
-4
Calculate (-2 - 1) + (19 - 14).
2
-2 - -1 - (23 + -19)
-5
(-7 - -3) + (-1 - -13)
8
Evaluate 4 + (-6 + 2 - 0) + 2.
2
Evaluate -1 + (-4 - 3 - -1) + 3.
-4
8 + 4 + (-5 - 5) + 1
3
What is the value of -3 + 0 + -6 + (10 - 4)?
-3
What is the value of -1 + -3 - -1 - 1?
-4
-3 - (-3 + 1) - -6
5
What is -13 + 8 - (2 + -1 - 1)?
-5
What is the value of 2 - (5 - 1 - (-7 - -6))?
-3
Calculate 5 - (-9 - (10 - 33)).
-9
Calculate 0 - 0 - ((0 - -1) + 1).
-2
What is 1 + 0 + -5 + 8 + -10?
-6
What is the value of -3 + -2 - (0 + -2) - -2?
-1
Calculate (0 - -7) + (-9 - (12 - 22)).
8
What is the value of 35 + -37 - ((-1 - -1) + 3)?
-5
What is -16 - -13 - (-11 + 2)?
6
(0 - -3) + 3 + 22 + -29
-1
0 - (0 - -3 - -1)
-4
3 + 1 - 7 - -6
3
Evaluate 1 - -4 - (3 + 3 + -2).
1
Evaluate (144 - 145) + 10 + 1.
10
Evaluate (-6 - -1 - -1) + -2.
-6
What is the value of -2 + -1 - (15 - 26) - 6?
2
What is the value of 6 - 8 - (-2 + 2)?
-2
What i